321
In base 2, what is 10000110111101100 - -111?
10000110111110011
In base 6, what is -4405 - 12434?
-21243
In base 11, what is 9a15 + -154?
9871
In base 6, what is 102120 + 213?
102333
In base 8, what is 3715 + -2?
3713
In base 14, what is 1 - cd0d6?
-cd0d5
In base 6, what is -153 - 315045?
-315242
In base 8, what is 4 + 1274?
1300
In base 7, what is 264212 - -4?
264216
In base 5, what is 31 + -112220?
-112134
In base 10, what is -3 + -27698?
-27701
In base 7, what is -513 - 1133?
-1646
In base 9, what is -60 - -4163?
4103
In base 5, what is -12 - -1232234?
1232222
In base 5, what is -123 - -32130?
32002
In base 10, what is -1415 - 610?
-2025
In base 3, what is -2022100210002 + 2?
-2022100210000
In base 13, what is -5207 + -57?
-5261
In base 5, what is -1304320 - 10?
-1304330
In base 4, what is 200 - -1121?
1321
In base 10, what is 23 + 10?
33
In base 6, what is 0 + 510114?
510114
In base 3, what is 1020212001 + -122?
1020211102
In base 16, what is 5 + 1a803?
1a808
In base 3, what is 0 - -21011010?
21011010
In base 7, what is 1544 - -250?
2124
In base 11, what is -73 + 677?
604
In base 15, what is 27a3 + 18?
27bb
In base 10, what is 75 + -11?
64
In base 13, what is 17c73 + -5?
17c6b
In base 15, what is -2aa5 - -53?
-2a52
In base 4, what is 2311111 + -110?
2311001
In base 11, what is -235 + -110?
-345
In base 5, what is 310011 - 33?
304423
In base 12, what is 0 + 20397a?
20397a
In base 7, what is -1466 - 550?
-2346
In base 10, what is -13139 - 4?
-13143
In base 14, what is -548 + -1?
-549
In base 16, what is -e6 + -25ff?
-26e5
In base 13, what is 241538 - 2?
241536
In base 13, what is -3266 + -1?
-3267
In base 7, what is 52040 + 16?
52056
In base 11, what is 3 - 5401?
-53a9
In base 16, what is -ad46 - 3?
-ad49
In base 7, what is 6045165 + -4?
6045161
In base 12, what is 0 + -2825a?
-2825a
In base 13, what is b1b2 - -4?
b1b6
In base 3, what is 201112122 - 222?
201111200
In base 7, what is -4 - -53604?
53600
In base 11, what is 73a - -135?
874
In base 16, what is 0 - -1c9f?
1c9f
In base 5, what is 4400 + 11300?
21200
In base 12, what is a7 - -2994?
2a7b
In base 7, what is -433 + -5115?
-5551
In base 5, what is 2 + 140112?
140114
In base 3, what is -202210011 - 10000?
-202220011
In base 2, what is 10111010001 + 1011010?
11000101011
In base 4, what is -2122 + -2013213?
-2022001
In base 3, what is -12212220 - -1112?
-12211101
In base 5, what is 0 - -314111?
314111
In base 2, what is 110100101110000001 + -1?
110100101110000000
In base 8, what is 241 + 11?
252
In base 6, what is 115055 + 14?
115113
In base 5, what is -43411 + 2231?
-41130
In base 7, what is 130 + -620?
-460
In base 12, what is -1a4 - 168?
-350
In base 16, what is 1f3 + -86b?
-678
In base 4, what is 12030 - 1131012?
-1112322
In base 10, what is 4 - 94641?
-94637
In base 6, what is -1125325 + 4?
-1125321
In base 12, what is 316 + -155?
181
In base 11, what is 146 + -27377?
-27231
In base 4, what is 2122 + 232?
3020
In base 4, what is -2110302 + -321?
-2111223
In base 2, what is 11111111100110 + 0?
11111111100110
In base 12, what is -4bb6 + 1?
-4bb5
In base 16, what is 7844e + 1?
7844f
In base 8, what is -5627551 - 3?
-5627554
In base 16, what is -9 + -10ad?
-10b6
In base 3, what is 10212 + 2020221?
2101210
In base 3, what is 1101120002 + -1012?
1101111220
In base 4, what is -2330 - -1303?
-1021
In base 11, what is 25542 + 5?
25547
In base 13, what is -131 + 19?
-115
In base 15, what is -59 - 2d?
-87
In base 2, what is 1 - -110111101101101101?
110111101101101110
In base 7, what is -13101 + 0?
-13101
In base 3, what is -1202220120 + 10010?
-1202210110
In base 7, what is -54164 + -35?
-54232
In base 10, what is -7580 + 10?
-7570
In base 2, what is -11110001 - -11110101?
100
In base 11, what is 2 - -21042?
21044
In base 9, what is -61856 + -5?
-61862
In base 12, what is -47b8 - 8?
-4804
In base 14, what is -161 - -10d0?
d6d
In base 10, what is -540 + -193?
-733
In base 16, what is -48 + 31?
-17
In base 2, what is 1110 - 1111000111?
-1110111001
In base 9, what is 108 - -6725?
6834
In base 3, what is -12222021220011 - 1?
-12222021220012
In base 9, what is -253 - -32?
-221
In base 4, what is 1 - -211232021?
211232022
In base 13, what is -2486c + -17?
-24886
In base 4, what is -32211 + 32?
-32113
In base 6, what is 111123 + -14?
111105
In base 12, what is 31 - -10456?
10487
In base 6, what is -2 - 55051344?
-55051350
In base 10, what is -117 - -7785?
7668
In base 15, what is 3ba + 0?
3ba
In base 11, what is 20 + -253?
-233
In base 3, what is 12 + 112122011?
112122100
In base 15, what is -342c - 13?
-3440
In base 16, what is 4 - -7e5bb?
7e5bf
In base 16, what is -15b2 + -a?
-15bc
In base 8, what is 120 - -140?
260
In base 10, what is 80 + -2084?
-2004
In base 14, what is -4301c - a?
-43028
In base 14, what is -44 - -10?
-34
In base 12, what is 7 + -2007?
-2000
In base 3, what is 102012 + -220?
101022
In base 6, what is 522 + -13111?
-12145
In base 12, what is aa79 + 9?
aa86
In base 12, what is -b087a - 4?
-b0882
In base 3, what is 2 + -12110210221?
-12110210212
In base 2, what is 11100101001001111000 + -10?
11100101001001110110
In base 4, what is -31 - -21010?
20313
In base 16, what is -3 + -f91d?
-f920
In base 12, what is -340b94 + 5?
-340b8b
In base 11, what is 0 - -a8aa?
a8aa
In base 8, what is -2 - 3312157?
-3312161
In base 10, what is -70569 - -4?
-70565
In base 14, what is -25 - -8d6?
8b1
In base 15, what is -1 - 81c4?
-81c5
In base 8, what is -115654 - 0?
-115654
In base 11, what is 33a24 - -2?
33a26
In base 8, what is -607 - 117?
-726
In base 10, what is -5 - 711705?
-711710
In base 4, what is -202230301331 + 3?
-202230301322
In base 2, what is 11100000001111 + 11?
11100000010010
In base 6, what is -3232344 - -2?
-3232342
In base 2, what is -11001 + 1001101011?
1001010010
In base 14, what is 15 - -2cc?
303
In base 4, what is 0 + -12120113?
-12120113
In base 13, what is -394a + 4?
-3946
In base 13, what is 10 - 1357?
-1347
In base 10, what is -2471 + 7?
-2464
In base 12, what is 6693 - 5?
668a
In base 9, what is 3 - -745?
748
In base 4, what is -1 - 1002230?
-1002231
In base 10, what is -2 + -300739?
-300741
In base 16, what is 13 - 23b85?
-23b72
In base 8, what is -7637 + -7?
-7646
In base 4, what is -21113 + -1231?
-23010
In base 16, what is 291b + -c3?
2858
In base 10, what is -36165 + -16?
-36181
In base 6, what is -40000 + -43?
-40043
In base 5, what is -2442 - 102?
-3044
In base 15, what is d5 - -26e?
354
In base 15, what is -19 - 75c4?
-75dd
In base 5, what is -1 + -332423?
-332424
In base 2, what is 11 + 100011101101011?
100011101101110
In base 6, what is -4 + -142324?
-142332
In base 13, what is -80c54 + -3?
-80c57
In base 12, what is -4 - 48799?
-487a1
In base 15, what is -7213 - 8?
-721b
In base 2, what is -10010110111100011 - 10010?
-10010110111110101
In base 3, what is 1022221010 + 1?
1022221011
In base 7, what is -24 + -66001?
-66025
In base 7, what is 1 + -462322?
-462321
In base 12, what is -8a645 + 4?
-8a641
In base 8, what is -15 - 32661?
-32676
In base 14, what is 1 - 2b788?
-2b787
In base 11, what is -5 + -111a95?
-111a9a
In base 14, what is 2dc76 - -3?
2dc79
In base 10, what is -14372 + 235?
-14137
In base 16, what is -152d6 + -3?
-152d9
In base 5, what is 2 - -12042421?
12042423
In base 11, what is -13 - -28a68?
28a55
In base 4, what is 10023221 - 1230?
10021331
In base 15, what is c4 + -3ee?
-32a
In base 3, what is -100111101 - 101?
-100111202
In base 9, what is -775253 + -2?
-775255
In base 9, what is -132 - 700?
-832
In base 3, what is 1212 + -11100012?
-11021100
In base 16, what is 10a4 + 9?
10ad
In base 3, what is 20002100102 + 0?
20002100102
In base 16, what is -4 - -12d0?
12cc
In base 9, what is -5 - 58502?
-58507
In base 8, what is 473 + -3026?
-2333
In base 14, what is -265 - 142?
-3a7
In base 5, what is 0 - -123140?
123140
In base 9, what is -116 + 1221?
1104
In base 14, what is 8ad - 8ad?
0
In base 15, what is 7394 - 3?
7391
In base 8, what is 41 + -323?
-262
In base 2, what is 1101011000010000 - -1?
1101011000010001
In base 2, what is 100 - 100100001011110?
-100100001011010
In base 7, what is 554456 - -5?
554464
In base 8, what is 226013 - -34?
226047
In base 16, what is -ddd + e8?
-cf5
In base 11, what is 238 + -1340?
-1103
In base 15, what is -5cb